f r.
3, 41
What are the prime factors of (-139 + -14)/(2/(-14))?
3, 7, 17
Let b = 213 - 117. Suppose -b = -3*h - 96. Suppose h = -3*i + 75 + 273. What are the prime factors of i?
2, 29
Let x = -17238 + 29377. What are the prime factors of x?
61, 199
Let m(r) = r**3 + 5*r**2 - 10*r + 7. Let y be m(4). Suppose y*f = 107*f + 144. What are the prime factors of (242/(-4))/((-9)/f)?
2, 11
Let m = -2939 - -3267. List the prime factors of m.
2, 41
Let n(m) = m**3 - 28*m**2 - 3*m + 1579. List the prime factors of n(0).
1579
Let d(f) = 97*f**2 + 163*f + 211. What are the prime factors of d(-17)?
3, 7, 1213
Let b(r) be the third derivative of -11*r**2 + 1/60*r**5 + 0*r + 4*r**3 - 5/24*r**4 + 0. List the prime factors of b(9).
2, 3, 5
List the prime factors of -30*7/((-63)/(-6))*(-20790)/9.
2, 3, 5, 7, 11
Let b = -81 + -312. Let z = b + 563. List the prime factors of z.
2, 5, 17
Suppose 133*d - 18950144 = -123*d. List the prime factors of d.
2, 19, 487
Let j = 723 + 1826. List the prime factors of j.
2549
Let y(o) = -o**3 - 10*o**2 - 26*o. Let r be y(-5). Suppose 3*x - 4*a - 530 = 0, -3*x - x - r*a + 686 = 0. What are the prime factors of x?
2, 3, 29
Let t be (-17)/(-4) - (-15)/(-60). Suppose 4*o + 19 = y, -2*o - 5*y - 13 = -t*o. Let a(l) = -12*l - 14. What are the prime factors of a(o)?
2, 29
Suppose 58 = -7*z + 51. What are the prime factors of (z + -1)*2312/(-17)?
2, 17
Let l = -2014 + 17542. List the prime factors of l.
2, 3, 647
Suppose -3058*a - 215946 = -3144*a. List the prime factors of a.
3, 31
Suppose 0 = s + 1 - 0. Let j be s/2*(0 + -12). List the prime factors of (3 - 9/j)*(-66)/(-9).
11
Suppose 7 + 29 = 18*z. Let a(k) = 95*k + 5. What are the prime factors of a(z)?
3, 5, 13
List the prime factors of 1034/3*111/74.
11, 47
Suppose 10*k - 6*k - 3810 = -k. List the prime factors of k.
2, 3, 127
Suppose -135 = -4*z + 5*s, 60 = z + 8*s - 4*s. Let q = -105 + 172. Let w = q - z. What are the prime factors of w?
3
Let k be (-68)/(-14) - (-2)/14. Suppose k*x = -3*x + 3184. What are the prime factors of x?
2, 199
Let z be 16/7 - (-5 + (-111)/(-21)). List the prime factors of 239/3 + z/(-3).
79
Let z be 465 - (4 - (-2 + 11)). Suppose z = 3*p + 326. List the prime factors of p.
2, 3
Suppose -142 = -9*h + 20. List the prime factors of 12609/h*1*4/6.
467
Let u(i) = 60*i**3 + 21*i**2 - 88*i - 50. List the prime factors of u(7).
3, 13, 179
Let m be 2 + (-72)/(-1 + -3). Let l = -30 - m. Let c = -45 - l. List the prime factors of c.
5
Suppose 3817 = 5*w + 17*l, 24*l - 3002 = -4*w + 19*l. Suppose -i + 238 + 197 = 0. Suppose -2*p - i = -5*p + 3*j, j = -5*p + w. List the prime factors of p.
2, 37
Suppose 8*w - 42*l = -39*l + 239842, 119928 = 4*w + 2*l. What are the prime factors of w?
7, 4283
Let p(v) be the third derivative of 439*v**4/24 - 9*v**3/2 - 11*v**2 + v. List the prime factors of p(1).
2, 103
Let t(m) = -m**3 - 9*m**2 + 9*m - 8. Let u be t(-10). Suppose 2*q + u = -30. What are the prime factors of ((-24)/q)/((-3)/43)*-4?
2, 43
Suppose -197*g - 117364 = -201*g. List the prime factors of g.
13, 37, 61
Suppose -5*j = 41*m - 43*m - 58184, 3*j = -m + 34917. What are the prime factors of j?
2, 11, 23
Let j(o) = -o**3 + 26*o**2 - 19*o - 7. What are the prime factors of j(24)?
13, 53
Let m(x) = -x**3 - 16*x**2 - 17*x - 36. Let f be m(-15). Let g be 1 + 2*3/(-3). List the prime factors of (g - 8/f)*627.
11, 19
Let m(k) = -k**3 - 17*k**2 + 1. Let n be m(-17). Let w be ((-4 - -1) + 223)/n. Suppose -36 = 2*x - w. What are the prime factors of x?
2, 23
Let r = -517 - -239. Let t = r + 313. List the prime factors of t.
5, 7
Let g = -469 + -753. Let a = -444 - g. Suppose -a = -4*w + 5*i, -398 = -0*w - 2*w - 2*i. List the prime factors of w.
197
Let b = 219 + 321. What are the prime factors of (0 + -4)/(-8) - b/(-8)?
2, 17
Suppose 0 = -5*a + 5*n + 1560, 2*n = -0*a + 5*a - 1566. Suppose 19*v = a + 85. List the prime factors of v.
3, 7
Let y(n) = 85*n**2 + 3*n - 36. Suppose 0 = 32*i - 94 - 34. List the prime factors of y(i).
2, 167
Let j(l) = 377*l - 250. What are the prime factors of j(11)?
3, 433
Let y(a) = -a**3 - 6*a**2 + 12*a + 40. Let q = 6 - 13. Let l be y(q). Suppose -4*n - 19 = v - 63, l*v - 3*n = 197. What are the prime factors of v?
2, 5
Let s(i) = 9*i**2 - 65*i + 1162. What are the prime factors of s(29)?
2, 3, 7, 163
Let m(h) = 459*h**3 + 17*h**2 + 37*h + 12. What are the prime factors of m(5)?
59, 983
Let r be 2/6*-1 + 304/(-24) + 9. Let x(v) = -3 - 9*v**2 - 2*v**3 - v**3 - 3*v + 6*v. List the prime factors of x(r).
3, 11
Let c(u) = 134*u**2 + 4*u + 1. Suppose 8*x - 3 + 19 = 0. Let t be c(x). Suppose -5*z + 2*p = -p - 527, 0 = -5*z + p + t. What are the prime factors of z?
2, 53
Suppose -7*h + 720 = -17*h. Let w = 40 - h. What are the prime factors of w?
2, 7
Let a(q) be the third derivative of 37*q**5/30 + 5*q**4/8 + 19*q**3/6 + 64*q**2. List the prime factors of a(-3).
2, 5
Suppose -23*v + 192424 + 217840 = -184677. List the prime factors of v.
25867
Let h(t) = -112 - 239*t + 49 + 33. What are the prime factors of h(-4)?
2, 463
Let s(m) = -3*m**3 + 15*m**2 - 19*m + 93. Let q(g) = 7*g**3 - 29*g**2 + 40*g - 187. Let b(i) = 2*q(i) + 5*s(i). List the prime factors of b(11).
2, 163
Let u(x) = -x**2 + 26*x + 197. Let c be u(32). Suppose c*a + 286 = q, a - 3*a - 604 = -2*q. List the prime factors of q.
2, 3, 17
Let s be (-6)/(-8)*12/(10 - 7). Suppose s*h = -2*j + 1966, -3916 = -4*j - 2*h + 4*h. List the prime factors of j.
2, 5, 7
Suppose -3*r - j + 145 = 0, 3*r + 2*r - j - 255 = 0. Suppose 5*z = r + 5. List the prime factors of z.
11
Suppose 44*t = 28*t + 29680. What are the prime factors of t?
5, 7, 53
What are the prime factors of ((-126081)/(-4))/((-954)/(-848))?
2, 14009
Let f = -65 - -81. Let b(z) = 5*z + 135. List the prime factors of b(f).
5, 43
Suppose 1005*s - 115691 = 986*s. List the prime factors of s.
6089
Suppose 4*i = -3*u + 7685 + 123347, 0 = 5*u + 5*i - 218380. What are the prime factors of u?
2, 53, 103
Suppose -a - 3*q = 0, 1 - 3 = a + 4*q. What are the prime factors of 15486/(-29)*(-4)/a?
2, 89
Suppose -23730 = 43*d - 47*d - 5*l, -29677 = -5*d + l. List the prime factors of d.
5, 1187
Let p = -98 - -98. Suppose z - 12 + 9 = p. Suppose 497 = 4*g + 2*r - 313, 0 = -z*g - 5*r + 604. List the prime factors of g.
7, 29
Let a(f) = -f**3 - 2*f**2 - 7*f + 2. Let h be -11*2/4 + (-6)/12. Let d be a(h). Suppose -11*g = -13*g + d. List the prime factors of g.
2, 47
Suppose 5*i + y = 220587, -4*i + 3*y + 28244 = -148256. List the prime factors of i.
44119
Suppose 0 = 27*d - 151644 + 50853. What are the prime factors of d?
3733
Suppose -12 = -14*a + 10*a. Suppose -k = -4*m + 1, -a*k = 5*m - 20 + 6. Suppose 380 = 5*o - k*o + 4*v, -4*v - 894 = -5*o. List the prime factors of o.
2, 7, 13
Suppose l + i + 18 = 5*i, 2*l + 2*i + 66 = 0. Let b = l - -64. List the prime factors of b.
2, 17
Let r = -147 + 941. Let u = r + -420. List the prime factors of u.
2, 11, 17
Let n(v) = 443*v**3 + 12*v**2 - 21*v - 25. What are the prime factors of n(4)?
5, 11, 47
Let o(d) = 4*d**2 - 55*d + 31. Let y be o(14). Let v(r) = -r**3 + 44*r**2 + 60*r + 62. What are the prime factors of v(y)?
11, 67
Let h(z) = 84*z**2 - 8*z - 6. What are the prime factors of h(-14)?
2, 5, 1657
Let v be (-11 - -10)/(2/(-632)) - 1. Let u = v + -164. Suppose -368 = -3*a + u. List the prime factors of a.
173
Let m(x) = 796*x**2 - 48*x - 47. List the prime factors of m(-1).
797
Let w(t) = 129*t**2 - 4*t - 10. Let j be w(-8). Suppose -9*o + j = 1744. List the prime factors of o.
2, 3, 11
Let z(o) = 6*o**2 + 85*o + 1062. What are the prime factors of z(-43)?
8501
Let f(v) = 22*v + 71. Let r be f(-3). Suppose -15*p = -13*p - 4*d - 142, -5*d = r*p - 370. What are the prime factors of p?
73
Suppose -13*o + 5 = -14*o. Let s be ((-6)/1 - o)*1*-4. What are the prime factors of (-12504)/(-156) + s/(-26)?
2, 5
Let w = -4806 + 10096. What are the prime factors of w?
2, 5, 23
Let f be 2/(-8)*-24 + (-22)/2. List the prime factors of (2 - (-2704)/f)/((-210)/525).
3, 449
Let y(o) = o**2 + 16*o - 24. Suppose 80 = -5*i + 2*k, -3*i - 2*k = 3*k + 79. Let r be y(i). Let t = r - -6. What are the prime factors of t?
2, 3
Suppose 0 = -920*g + 915*g. List the prime factors of 222*(3 - g - 1).
2, 3, 37
What are the prime facto